{"id":189,"date":"2025-04-08T10:36:30","date_gmt":"2025-04-08T10:36:30","guid":{"rendered":"https:\/\/mindful-youth.al\/?page_id=189"},"modified":"2025-04-09T12:57:52","modified_gmt":"2025-04-09T12:57:52","slug":"seminar-informues-librazhd","status":"publish","type":"page","link":"https:\/\/mindful-youth.al\/?page_id=189","title":{"rendered":"Seminar Informues Librazhd"},"content":{"rendered":"<p>[et_pb_section fb_built=&#8221;1&#8243; _builder_version=&#8221;4.24.0&#8243; _module_preset=&#8221;default&#8221; background_color=&#8221;gcid-eba182a1-8786-493d-a0ad-84e443249038&#8243; locked=&#8221;off&#8221; global_colors_info=&#8221;{%22gcid-eba182a1-8786-493d-a0ad-84e443249038%22:%91%22background_color%22%93}&#8221; disabled_on=&#8221;on|off|off&#8221;][et_pb_row _builder_version=&#8221;4.24.0&#8243; _module_preset=&#8221;default&#8221; global_colors_info=&#8221;{}&#8221;][et_pb_column type=&#8221;4_4&#8243; _builder_version=&#8221;4.24.0&#8243; _module_preset=&#8221;default&#8221; global_colors_info=&#8221;{}&#8221;][et_pb_text _builder_version=&#8221;4.24.0&#8243; _module_preset=&#8221;default&#8221; text_font=&#8221;Montserrat|700||on|||||&#8221; text_text_color=&#8221;#FFFFFF&#8221; text_font_size=&#8221;41px&#8221; text_line_height=&#8221;0.1em&#8221; global_colors_info=&#8221;{}&#8221;]<\/p>\n<p><strong>Seminar Informues \u201cAnkthi, <\/strong><\/p>\n<p><strong>Bullizmi dhe Var\u00ebsia Digjitale\u201d <\/strong><\/p>\n<p><strong>n\u00eb librazhd<\/strong><\/p>\n<p>[\/et_pb_text][\/et_pb_column][\/et_pb_row][\/et_pb_section][et_pb_section fb_built=&#8221;1&#8243; _builder_version=&#8221;4.24.0&#8243; _module_preset=&#8221;default&#8221; background_color=&#8221;gcid-eba182a1-8786-493d-a0ad-84e443249038&#8243; locked=&#8221;off&#8221; global_colors_info=&#8221;{%22gcid-eba182a1-8786-493d-a0ad-84e443249038%22:%91%22background_color%22%93}&#8221; disabled_on=&#8221;off|off|on&#8221; custom_padding=&#8221;||24px|||&#8221;][et_pb_row _builder_version=&#8221;4.24.0&#8243; _module_preset=&#8221;default&#8221; global_colors_info=&#8221;{}&#8221; custom_margin=&#8221;-16px|auto||auto||&#8221;][et_pb_column type=&#8221;4_4&#8243; _builder_version=&#8221;4.24.0&#8243; _module_preset=&#8221;default&#8221; global_colors_info=&#8221;{}&#8221;][et_pb_text _builder_version=&#8221;4.24.0&#8243; _module_preset=&#8221;default&#8221; text_font=&#8221;Montserrat|700||on|||||&#8221; text_text_color=&#8221;#FFFFFF&#8221; text_font_size=&#8221;25px&#8221; text_line_height=&#8221;1.1em&#8221; hover_enabled=&#8221;0&#8243; global_colors_info=&#8221;{}&#8221; sticky_enabled=&#8221;0&#8243;]<\/p>\n<p><strong>Seminar Informues \u201cAnkthi, <\/strong><strong>Bullizmi dhe Var\u00ebsia Digjitale\u201d <\/strong><strong>n\u00eb librazhd<\/strong><\/p>\n<p>[\/et_pb_text][\/et_pb_column][\/et_pb_row][\/et_pb_section][et_pb_section fb_built=&#8221;1&#8243; _builder_version=&#8221;4.24.0&#8243; _module_preset=&#8221;default&#8221; custom_padding=&#8221;72px|||||&#8221; locked=&#8221;off&#8221; global_colors_info=&#8221;{}&#8221; disabled_on=&#8221;on|off|off&#8221;][et_pb_row _builder_version=&#8221;4.24.0&#8243; _module_preset=&#8221;default&#8221; custom_padding=&#8221;||2px|||&#8221; locked=&#8221;off&#8221; global_colors_info=&#8221;{}&#8221;][et_pb_column type=&#8221;4_4&#8243; _builder_version=&#8221;4.24.0&#8243; _module_preset=&#8221;default&#8221; global_colors_info=&#8221;{}&#8221;][et_pb_text _builder_version=&#8221;4.24.0&#8243; _module_preset=&#8221;default&#8221; text_font=&#8221;Montserrat|300|||||||&#8221; text_text_color=&#8221;#000000&#8243; text_font_size=&#8221;18px&#8221; custom_margin=&#8221;-33px||38px||false|false&#8221; locked=&#8221;off&#8221; global_colors_info=&#8221;{}&#8221;]<\/p>\n<p>N\u00ebn udh\u00ebheqjen e psikologes klinike Denisa Ndreka, u zhvilluan seminare nd\u00ebrgjegj\u00ebsuese q\u00eb trajtuan n\u00eb m\u00ebnyr\u00eb t\u00eb drejtp\u00ebrdrejt\u00eb disa nga sfidat e \u00a0t\u00eb rinjve n\u00eb epok\u00ebn digjitale.<\/p>\n<p>P\u00ebrmes temave si var\u00ebsia ndaj rrjeteve sociale, bullizmi kibernetik, krahasimi online dhe ndikimi i teknologjis\u00eb n\u00eb vet\u00ebvler\u00ebsim dhe ankth, pjes\u00ebmarr\u00ebsit pat\u00ebn mund\u00ebsi t\u00eb kuptonin m\u00eb thell\u00eb ndikimet psikologjike q\u00eb lidhen me jet\u00ebn online.<\/p>\n<p>Seminaret u zhvilluan me metoda edukimi joformal dhe reflektim t\u00eb lir\u00eb, duke krijuar nj\u00eb hap\u00ebsir\u00eb t\u00eb sigurt ku t\u00eb rinjt\u00eb u ndjen\u00eb t\u00eb d\u00ebgjuar, t\u00eb p\u00ebrfshir\u00eb dhe t\u00eb fuqizuar p\u00ebr t\u00eb shprehur shqet\u00ebsimet e tyre. Ato sh\u00ebrbyen si nj\u00eb pik\u00ebnisje e r\u00ebnd\u00ebsishme p\u00ebr edukimin emocional dhe digjital, duke nxitur vet\u00ebdijen se kujdesi p\u00ebr sh\u00ebndetin mendor \u00ebsht\u00eb po aq i r\u00ebnd\u00ebsish\u00ebm sa \u00e7do aspekt tjet\u00ebr i jet\u00ebs s\u00eb p\u00ebrditshme.<\/p>\n<p>[\/et_pb_text][\/et_pb_column][\/et_pb_row][et_pb_row _builder_version=&#8221;4.24.0&#8243; _module_preset=&#8221;default&#8221; global_colors_info=&#8221;{}&#8221;][et_pb_column type=&#8221;4_4&#8243; _builder_version=&#8221;4.24.0&#8243; _module_preset=&#8221;default&#8221; global_colors_info=&#8221;{}&#8221;][et_pb_slider _builder_version=&#8221;4.24.0&#8243; _module_preset=&#8221;default&#8221; custom_padding=&#8221;||631px|||&#8221; global_colors_info=&#8221;{}&#8221;][et_pb_slide _builder_version=&#8221;4.24.0&#8243; _module_preset=&#8221;default&#8221; background_enable_color=&#8221;off&#8221; background_image=&#8221;https:\/\/mindful-youth.al\/wp-content\/uploads\/2025\/04\/4084a357-6d79-420f-abce-ecbe69cc1761-scaled.jpg&#8221; background_enable_image=&#8221;on&#8221; global_colors_info=&#8221;{}&#8221; sticky_transition=&#8221;on&#8221;][\/et_pb_slide][et_pb_slide _builder_version=&#8221;4.24.0&#8243; _module_preset=&#8221;default&#8221; background_enable_color=&#8221;off&#8221; background_image=&#8221;https:\/\/mindful-youth.al\/wp-content\/uploads\/2025\/04\/b5401845-8e50-4102-bc1f-afea8281f929-scaled.jpg&#8221; background_enable_image=&#8221;on&#8221; global_colors_info=&#8221;{}&#8221; sticky_transition=&#8221;on&#8221;][\/et_pb_slide][\/et_pb_slider][\/et_pb_column][\/et_pb_row][\/et_pb_section][et_pb_section fb_built=&#8221;1&#8243; _builder_version=&#8221;4.24.0&#8243; _module_preset=&#8221;default&#8221; custom_padding=&#8221;72px|||||&#8221; locked=&#8221;off&#8221; global_colors_info=&#8221;{}&#8221; disabled_on=&#8221;off|off|on&#8221;][et_pb_row _builder_version=&#8221;4.24.0&#8243; _module_preset=&#8221;default&#8221; custom_padding=&#8221;||2px|||&#8221; locked=&#8221;off&#8221; global_colors_info=&#8221;{}&#8221;][et_pb_column type=&#8221;4_4&#8243; _builder_version=&#8221;4.24.0&#8243; _module_preset=&#8221;default&#8221; global_colors_info=&#8221;{}&#8221;][et_pb_text _builder_version=&#8221;4.24.0&#8243; _module_preset=&#8221;default&#8221; text_font=&#8221;Montserrat|300|||||||&#8221; text_text_color=&#8221;#000000&#8243; text_font_size=&#8221;18px&#8221; custom_margin=&#8221;-33px||38px||false|false&#8221; locked=&#8221;off&#8221; global_colors_info=&#8221;{}&#8221;]<\/p>\n<p>N\u00ebn udh\u00ebheqjen e psikologes klinike Denisa Ndreka, u zhvilluan seminare nd\u00ebrgjegj\u00ebsuese q\u00eb trajtuan n\u00eb m\u00ebnyr\u00eb t\u00eb drejtp\u00ebrdrejt\u00eb disa nga sfidat e \u00a0t\u00eb rinjve n\u00eb epok\u00ebn digjitale.<\/p>\n<p>P\u00ebrmes temave si var\u00ebsia ndaj rrjeteve sociale, bullizmi kibernetik, krahasimi online dhe ndikimi i teknologjis\u00eb n\u00eb vet\u00ebvler\u00ebsim dhe ankth, pjes\u00ebmarr\u00ebsit pat\u00ebn mund\u00ebsi t\u00eb kuptonin m\u00eb thell\u00eb ndikimet psikologjike q\u00eb lidhen me jet\u00ebn online.<\/p>\n<p>Seminaret u zhvilluan me metoda edukimi joformal dhe reflektim t\u00eb lir\u00eb, duke krijuar nj\u00eb hap\u00ebsir\u00eb t\u00eb sigurt ku t\u00eb rinjt\u00eb u ndjen\u00eb t\u00eb d\u00ebgjuar, t\u00eb p\u00ebrfshir\u00eb dhe t\u00eb fuqizuar p\u00ebr t\u00eb shprehur shqet\u00ebsimet e tyre. Ato sh\u00ebrbyen si nj\u00eb pik\u00ebnisje e r\u00ebnd\u00ebsishme p\u00ebr edukimin emocional dhe digjital, duke nxitur vet\u00ebdijen se kujdesi p\u00ebr sh\u00ebndetin mendor \u00ebsht\u00eb po aq i r\u00ebnd\u00ebsish\u00ebm sa \u00e7do aspekt tjet\u00ebr i jet\u00ebs s\u00eb p\u00ebrditshme.<\/p>\n<p>[\/et_pb_text][\/et_pb_column][\/et_pb_row][et_pb_row _builder_version=&#8221;4.24.0&#8243; _module_preset=&#8221;default&#8221; global_colors_info=&#8221;{}&#8221;][et_pb_column type=&#8221;4_4&#8243; _builder_version=&#8221;4.24.0&#8243; _module_preset=&#8221;default&#8221; global_colors_info=&#8221;{}&#8221;][et_pb_slider _builder_version=&#8221;4.24.0&#8243; _module_preset=&#8221;default&#8221; custom_padding=&#8221;||237px|||&#8221; global_colors_info=&#8221;{}&#8221;][et_pb_slide _builder_version=&#8221;4.24.0&#8243; _module_preset=&#8221;default&#8221; background_enable_color=&#8221;off&#8221; background_image=&#8221;https:\/\/mindful-youth.al\/wp-content\/uploads\/2025\/04\/4084a357-6d79-420f-abce-ecbe69cc1761-scaled.jpg&#8221; background_enable_image=&#8221;on&#8221; global_colors_info=&#8221;{}&#8221; sticky_transition=&#8221;on&#8221;][\/et_pb_slide][et_pb_slide _builder_version=&#8221;4.24.0&#8243; _module_preset=&#8221;default&#8221; background_enable_color=&#8221;off&#8221; background_image=&#8221;https:\/\/mindful-youth.al\/wp-content\/uploads\/2025\/04\/b5401845-8e50-4102-bc1f-afea8281f929-scaled.jpg&#8221; background_enable_image=&#8221;on&#8221; global_colors_info=&#8221;{}&#8221; sticky_transition=&#8221;on&#8221;][\/et_pb_slide][\/et_pb_slider][\/et_pb_column][\/et_pb_row][\/et_pb_section][et_pb_section fb_built=&#8221;1&#8243; _builder_version=&#8221;4.24.0&#8243; _module_preset=&#8221;default&#8221; background_color=&#8221;#fbc831&#8243; custom_padding=&#8221;41px||0px|||&#8221; locked=&#8221;off&#8221; global_colors_info=&#8221;{}&#8221;][et_pb_row _builder_version=&#8221;4.24.0&#8243; _module_preset=&#8221;default&#8221; global_colors_info=&#8221;{}&#8221;][et_pb_column type=&#8221;4_4&#8243; _builder_version=&#8221;4.24.0&#8243; _module_preset=&#8221;default&#8221; global_colors_info=&#8221;{}&#8221;][et_pb_text _builder_version=&#8221;4.24.0&#8243; _module_preset=&#8221;default&#8221; text_font=&#8221;Montserrat||||||||&#8221; text_text_color=&#8221;gcid-eba182a1-8786-493d-a0ad-84e443249038&#8243; global_colors_info=&#8221;{%22gcid-eba182a1-8786-493d-a0ad-84e443249038%22:%91%22text_text_color%22%93}&#8221;]<\/p>\n<p>Platforma Mindful_Youth.al u realizua nga Qendra Be the Change n\u00eb kuad\u00ebr t\u00eb projektit \u201cSh\u00ebndeti Mendor n\u00eb Epok\u00ebn Digjitale\u201d, me mb\u00ebshtetjen financiare t\u00eb Agjencis\u00eb Komb\u00ebtare t\u00eb Rinis\u00eb, (AKR) dhe Ministrit t\u00eb Shtetit p\u00ebr Rinin\u00eb dhe F\u00ebmij\u00ebt, (MSHRF). Mendimet dhe opinionet e shprehura n\u00eb t\u00eb i p\u00ebrkasin autor\u00ebve dhe nuk p\u00ebrkojn\u00eb domosdoshm\u00ebrisht me q\u00ebndrimet e AKR-s\u00eb dhe MSHRF-s\u00eb.<\/p>\n<p>[\/et_pb_text][\/et_pb_column][\/et_pb_row][\/et_pb_section]<\/p>\n","protected":false},"excerpt":{"rendered":"<p>Seminar Informues \u201cAnkthi, Bullizmi dhe Var\u00ebsia Digjitale\u201d n\u00eb librazhdSeminar Informues \u201cAnkthi, Bullizmi dhe Var\u00ebsia Digjitale\u201d n\u00eb librazhdN\u00ebn udh\u00ebheqjen e psikologes klinike Denisa Ndreka, u zhvilluan seminare nd\u00ebrgjegj\u00ebsuese q\u00eb trajtuan n\u00eb m\u00ebnyr\u00eb t\u00eb drejtp\u00ebrdrejt\u00eb disa nga sfidat e \u00a0t\u00eb rinjve n\u00eb epok\u00ebn digjitale. P\u00ebrmes temave si var\u00ebsia ndaj rrjeteve sociale, bullizmi kibernetik, krahasimi online dhe ndikimi [&hellip;]<\/p>\n","protected":false},"author":1,"featured_media":0,"parent":0,"menu_order":0,"comment_status":"closed","ping_status":"closed","template":"","meta":{"_et_pb_use_builder":"on","_et_pb_old_content":"<!-- wp:divi\/placeholder \/-->","_et_gb_content_width":"","footnotes":""},"dipi_cpt_category":[],"class_list":["post-189","page","type-page","status-publish","hentry"],"_links":{"self":[{"href":"https:\/\/mindful-youth.al\/index.php?rest_route=\/wp\/v2\/pages\/189","targetHints":{"allow":["GET"]}}],"collection":[{"href":"https:\/\/mindful-youth.al\/index.php?rest_route=\/wp\/v2\/pages"}],"about":[{"href":"https:\/\/mindful-youth.al\/index.php?rest_route=\/wp\/v2\/types\/page"}],"author":[{"embeddable":true,"href":"https:\/\/mindful-youth.al\/index.php?rest_route=\/wp\/v2\/users\/1"}],"replies":[{"embeddable":true,"href":"https:\/\/mindful-youth.al\/index.php?rest_route=%2Fwp%2Fv2%2Fcomments&post=189"}],"version-history":[{"count":6,"href":"https:\/\/mindful-youth.al\/index.php?rest_route=\/wp\/v2\/pages\/189\/revisions"}],"predecessor-version":[{"id":336,"href":"https:\/\/mindful-youth.al\/index.php?rest_route=\/wp\/v2\/pages\/189\/revisions\/336"}],"wp:attachment":[{"href":"https:\/\/mindful-youth.al\/index.php?rest_route=%2Fwp%2Fv2%2Fmedia&parent=189"}],"wp:term":[{"taxonomy":"dipi_cpt_category","embeddable":true,"href":"https:\/\/mindful-youth.al\/index.php?rest_route=%2Fwp%2Fv2%2Fdipi_cpt_category&post=189"}],"curies":[{"name":"wp","href":"https:\/\/api.w.org\/{rel}","templated":true}]}}