{"id":183,"date":"2025-04-08T10:35:37","date_gmt":"2025-04-08T10:35:37","guid":{"rendered":"https:\/\/mindful-youth.al\/?page_id=183"},"modified":"2025-04-09T12:51:37","modified_gmt":"2025-04-09T12:51:37","slug":"aktivitet-rekreativ-librazhd","status":"publish","type":"page","link":"https:\/\/mindful-youth.al\/?page_id=183","title":{"rendered":"Aktivitet Rekreativ Librazhd"},"content":{"rendered":"<p>[et_pb_section fb_built=&#8221;1&#8243; _builder_version=&#8221;4.24.0&#8243; _module_preset=&#8221;default&#8221; background_color=&#8221;gcid-eba182a1-8786-493d-a0ad-84e443249038&#8243; locked=&#8221;off&#8221; global_colors_info=&#8221;{%22gcid-eba182a1-8786-493d-a0ad-84e443249038%22:%91%22background_color%22%93}&#8221; disabled_on=&#8221;on|off|off&#8221;][et_pb_row _builder_version=&#8221;4.24.0&#8243; _module_preset=&#8221;default&#8221; global_colors_info=&#8221;{}&#8221;][et_pb_column type=&#8221;4_4&#8243; _builder_version=&#8221;4.24.0&#8243; _module_preset=&#8221;default&#8221; global_colors_info=&#8221;{}&#8221;][et_pb_text _builder_version=&#8221;4.24.0&#8243; _module_preset=&#8221;default&#8221; text_font=&#8221;Montserrat|700||on|||||&#8221; text_text_color=&#8221;#FFFFFF&#8221; text_font_size=&#8221;47px&#8221; text_line_height=&#8221;0.1em&#8221; global_colors_info=&#8221;{}&#8221;]<\/p>\n<p><strong>Aktiviteti \u201cBashk\u00eb, p\u00ebr Veten\u201d <\/strong><\/p>\n<p><strong>n\u00eb Librazhd<\/strong><\/p>\n<p>[\/et_pb_text][\/et_pb_column][\/et_pb_row][\/et_pb_section][et_pb_section fb_built=&#8221;1&#8243; _builder_version=&#8221;4.24.0&#8243; _module_preset=&#8221;default&#8221; background_color=&#8221;gcid-eba182a1-8786-493d-a0ad-84e443249038&#8243; locked=&#8221;off&#8221; global_colors_info=&#8221;{%22gcid-eba182a1-8786-493d-a0ad-84e443249038%22:%91%22background_color%22%93}&#8221; disabled_on=&#8221;off|off|on&#8221; custom_padding=&#8221;||35px|||&#8221;][et_pb_row _builder_version=&#8221;4.24.0&#8243; _module_preset=&#8221;default&#8221; global_colors_info=&#8221;{}&#8221; custom_margin=&#8221;-12px|auto||auto||&#8221;][et_pb_column type=&#8221;4_4&#8243; _builder_version=&#8221;4.24.0&#8243; _module_preset=&#8221;default&#8221; global_colors_info=&#8221;{}&#8221;][et_pb_text _builder_version=&#8221;4.24.0&#8243; _module_preset=&#8221;default&#8221; text_font=&#8221;Montserrat|700||on|||||&#8221; text_text_color=&#8221;#FFFFFF&#8221; text_font_size=&#8221;28px&#8221; text_line_height=&#8221;1em&#8221; hover_enabled=&#8221;0&#8243; global_colors_info=&#8221;{}&#8221; sticky_enabled=&#8221;0&#8243;]<\/p>\n<p><strong>Aktiviteti \u201cBashk\u00eb, p\u00ebr Veten\u201d <\/strong><strong>n\u00eb Librazhd<\/strong><\/p>\n<p>[\/et_pb_text][\/et_pb_column][\/et_pb_row][\/et_pb_section][et_pb_section fb_built=&#8221;1&#8243; _builder_version=&#8221;4.24.0&#8243; _module_preset=&#8221;default&#8221; custom_padding=&#8221;70px|||||&#8221; locked=&#8221;off&#8221; global_colors_info=&#8221;{}&#8221; disabled_on=&#8221;on|off|off&#8221;][et_pb_row _builder_version=&#8221;4.24.0&#8243; _module_preset=&#8221;default&#8221; custom_padding=&#8221;||2px|||&#8221; locked=&#8221;off&#8221; global_colors_info=&#8221;{}&#8221;][et_pb_column type=&#8221;4_4&#8243; _builder_version=&#8221;4.24.0&#8243; _module_preset=&#8221;default&#8221; global_colors_info=&#8221;{}&#8221;][et_pb_text _builder_version=&#8221;4.24.0&#8243; _module_preset=&#8221;default&#8221; text_font=&#8221;Montserrat|300|||||||&#8221; text_text_color=&#8221;#000000&#8243; text_font_size=&#8221;18px&#8221; custom_margin=&#8221;-33px||38px||false|false&#8221; locked=&#8221;off&#8221; global_colors_info=&#8221;{}&#8221;]<\/p>\n<p>Ky aktivitet, i udh\u00ebhequr nga <strong>Igli Molla<\/strong>, m\u00ebsues i \u00e7ertifikuar i yog\u00ebs pran\u00eb <em>Shiva Dancing School of Yoga<\/em>, solli p\u00ebr t\u00eb rinjt\u00eb e Librazhdit nj\u00eb p\u00ebrvoj\u00eb t\u00eb ve\u00e7ant\u00eb qet\u00ebsie dhe vet\u00ebdij\u00ebsimi.<\/p>\n<p>Pjes\u00ebmarr\u00ebsit m\u00ebsuan teknika t\u00eb thjeshta, por fuqizuese t\u00eb <strong>meditimit dhe frym\u00ebmarrjes s\u00eb vet\u00ebdijshme<\/strong>, duke u ndalur p\u00ebr nj\u00eb moment p\u00ebr t\u00eb d\u00ebgjuar veten dhe trupin e tyre.<\/p>\n<p>N\u00eb nj\u00eb realitet gjithnj\u00eb t\u00eb zhurmsh\u00ebm dhe t\u00eb mbushur me shp\u00ebrqendrime digjitale, ky aktivitet u shnd\u00ebrrua n\u00eb nj\u00eb <strong>hap\u00ebsir\u00eb reflektimi<\/strong>, ku t\u00eb rinjt\u00eb eksperimentuan me m\u00ebnyra t\u00eb sh\u00ebndetshme p\u00ebr t\u00eb reduktuar stresin dhe p\u00ebr t\u00eb gjetur paqen e brendshme.<\/p>\n<p>[\/et_pb_text][\/et_pb_column][\/et_pb_row][et_pb_row _builder_version=&#8221;4.24.0&#8243; _module_preset=&#8221;default&#8221; global_colors_info=&#8221;{}&#8221;][et_pb_column type=&#8221;4_4&#8243; _builder_version=&#8221;4.24.0&#8243; _module_preset=&#8221;default&#8221; global_colors_info=&#8221;{}&#8221;][et_pb_slider _builder_version=&#8221;4.24.0&#8243; _module_preset=&#8221;default&#8221; custom_padding=&#8221;||631px|||&#8221; global_colors_info=&#8221;{}&#8221;][et_pb_slide _builder_version=&#8221;4.24.0&#8243; _module_preset=&#8221;default&#8221; background_enable_color=&#8221;off&#8221; background_image=&#8221;https:\/\/mindful-youth.al\/wp-content\/uploads\/2025\/04\/6d0f1f78-2908-4812-8939-f8e19ff93fe0.jpg&#8221; background_enable_image=&#8221;on&#8221; global_colors_info=&#8221;{}&#8221; sticky_transition=&#8221;on&#8221;][\/et_pb_slide][et_pb_slide _builder_version=&#8221;4.24.0&#8243; _module_preset=&#8221;default&#8221; background_enable_color=&#8221;off&#8221; background_image=&#8221;https:\/\/mindful-youth.al\/wp-content\/uploads\/2025\/04\/50ed26e3-6026-40a0-82b0-c128ce9b3e45.jpg&#8221; background_enable_image=&#8221;on&#8221; global_colors_info=&#8221;{}&#8221; sticky_transition=&#8221;on&#8221;][\/et_pb_slide][et_pb_slide _builder_version=&#8221;4.24.0&#8243; _module_preset=&#8221;default&#8221; background_enable_color=&#8221;off&#8221; background_image=&#8221;https:\/\/mindful-youth.al\/wp-content\/uploads\/2025\/04\/3fffe7a6-865c-486f-9928-eef0d0d235d8.jpg&#8221; background_enable_image=&#8221;on&#8221; global_colors_info=&#8221;{}&#8221; sticky_transition=&#8221;on&#8221;][\/et_pb_slide][\/et_pb_slider][\/et_pb_column][\/et_pb_row][\/et_pb_section][et_pb_section fb_built=&#8221;1&#8243; _builder_version=&#8221;4.24.0&#8243; _module_preset=&#8221;default&#8221; custom_padding=&#8221;70px|||||&#8221; locked=&#8221;off&#8221; global_colors_info=&#8221;{}&#8221; disabled_on=&#8221;off|off|on&#8221;][et_pb_row _builder_version=&#8221;4.24.0&#8243; _module_preset=&#8221;default&#8221; custom_padding=&#8221;||2px|||&#8221; locked=&#8221;off&#8221; global_colors_info=&#8221;{}&#8221;][et_pb_column type=&#8221;4_4&#8243; _builder_version=&#8221;4.24.0&#8243; _module_preset=&#8221;default&#8221; global_colors_info=&#8221;{}&#8221;][et_pb_text _builder_version=&#8221;4.24.0&#8243; _module_preset=&#8221;default&#8221; text_font=&#8221;Montserrat|300|||||||&#8221; text_text_color=&#8221;#000000&#8243; text_font_size=&#8221;18px&#8221; custom_margin=&#8221;-33px||38px||false|false&#8221; locked=&#8221;off&#8221; global_colors_info=&#8221;{}&#8221;]<\/p>\n<p>Ky aktivitet, i udh\u00ebhequr nga <strong>Igli Molla<\/strong>, m\u00ebsues i \u00e7ertifikuar i yog\u00ebs pran\u00eb <em>Shiva Dancing School of Yoga<\/em>, solli p\u00ebr t\u00eb rinjt\u00eb e Librazhdit nj\u00eb p\u00ebrvoj\u00eb t\u00eb ve\u00e7ant\u00eb qet\u00ebsie dhe vet\u00ebdij\u00ebsimi.<\/p>\n<p>Pjes\u00ebmarr\u00ebsit m\u00ebsuan teknika t\u00eb thjeshta, por fuqizuese t\u00eb <strong>meditimit dhe frym\u00ebmarrjes s\u00eb vet\u00ebdijshme<\/strong>, duke u ndalur p\u00ebr nj\u00eb moment p\u00ebr t\u00eb d\u00ebgjuar veten dhe trupin e tyre.<\/p>\n<p>N\u00eb nj\u00eb realitet gjithnj\u00eb t\u00eb zhurmsh\u00ebm dhe t\u00eb mbushur me shp\u00ebrqendrime digjitale, ky aktivitet u shnd\u00ebrrua n\u00eb nj\u00eb <strong>hap\u00ebsir\u00eb reflektimi<\/strong>, ku t\u00eb rinjt\u00eb eksperimentuan me m\u00ebnyra t\u00eb sh\u00ebndetshme p\u00ebr t\u00eb reduktuar stresin dhe p\u00ebr t\u00eb gjetur paqen e brendshme.<\/p>\n<p>[\/et_pb_text][\/et_pb_column][\/et_pb_row][et_pb_row _builder_version=&#8221;4.24.0&#8243; _module_preset=&#8221;default&#8221; global_colors_info=&#8221;{}&#8221;][et_pb_column type=&#8221;4_4&#8243; _builder_version=&#8221;4.24.0&#8243; _module_preset=&#8221;default&#8221; global_colors_info=&#8221;{}&#8221;][et_pb_slider _builder_version=&#8221;4.24.0&#8243; _module_preset=&#8221;default&#8221; custom_padding=&#8221;||267px|||&#8221; global_colors_info=&#8221;{}&#8221;][et_pb_slide _builder_version=&#8221;4.24.0&#8243; _module_preset=&#8221;default&#8221; background_enable_color=&#8221;off&#8221; background_image=&#8221;https:\/\/mindful-youth.al\/wp-content\/uploads\/2025\/04\/6d0f1f78-2908-4812-8939-f8e19ff93fe0.jpg&#8221; background_enable_image=&#8221;on&#8221; global_colors_info=&#8221;{}&#8221; sticky_transition=&#8221;on&#8221;][\/et_pb_slide][et_pb_slide _builder_version=&#8221;4.24.0&#8243; _module_preset=&#8221;default&#8221; background_enable_color=&#8221;off&#8221; background_image=&#8221;https:\/\/mindful-youth.al\/wp-content\/uploads\/2025\/04\/50ed26e3-6026-40a0-82b0-c128ce9b3e45.jpg&#8221; background_enable_image=&#8221;on&#8221; global_colors_info=&#8221;{}&#8221; sticky_transition=&#8221;on&#8221;][\/et_pb_slide][et_pb_slide _builder_version=&#8221;4.24.0&#8243; _module_preset=&#8221;default&#8221; background_enable_color=&#8221;off&#8221; background_image=&#8221;https:\/\/mindful-youth.al\/wp-content\/uploads\/2025\/04\/3fffe7a6-865c-486f-9928-eef0d0d235d8.jpg&#8221; background_enable_image=&#8221;on&#8221; global_colors_info=&#8221;{}&#8221; sticky_transition=&#8221;on&#8221;][\/et_pb_slide][\/et_pb_slider][\/et_pb_column][\/et_pb_row][\/et_pb_section][et_pb_section fb_built=&#8221;1&#8243; _builder_version=&#8221;4.24.0&#8243; _module_preset=&#8221;default&#8221; background_color=&#8221;#fbc831&#8243; custom_padding=&#8221;41px||0px|||&#8221; locked=&#8221;off&#8221; global_colors_info=&#8221;{}&#8221;][et_pb_row _builder_version=&#8221;4.24.0&#8243; _module_preset=&#8221;default&#8221; global_colors_info=&#8221;{}&#8221;][et_pb_column type=&#8221;4_4&#8243; _builder_version=&#8221;4.24.0&#8243; _module_preset=&#8221;default&#8221; global_colors_info=&#8221;{}&#8221;][et_pb_text _builder_version=&#8221;4.24.0&#8243; _module_preset=&#8221;default&#8221; text_font=&#8221;Montserrat||||||||&#8221; text_text_color=&#8221;gcid-eba182a1-8786-493d-a0ad-84e443249038&#8243; global_colors_info=&#8221;{%22gcid-eba182a1-8786-493d-a0ad-84e443249038%22:%91%22text_text_color%22%93}&#8221;]<\/p>\n<p>Platforma Mindful_Youth.al u realizua nga Qendra Be the Change n\u00eb kuad\u00ebr t\u00eb projektit \u201cSh\u00ebndeti Mendor n\u00eb Epok\u00ebn Digjitale\u201d, me mb\u00ebshtetjen financiare t\u00eb Agjencis\u00eb Komb\u00ebtare t\u00eb Rinis\u00eb, (AKR) dhe Ministrit t\u00eb Shtetit p\u00ebr Rinin\u00eb dhe F\u00ebmij\u00ebt, (MSHRF). Mendimet dhe opinionet e shprehura n\u00eb t\u00eb i p\u00ebrkasin autor\u00ebve dhe nuk p\u00ebrkojn\u00eb domosdoshm\u00ebrisht me q\u00ebndrimet e AKR-s\u00eb dhe MSHRF-s\u00eb.<\/p>\n<p>[\/et_pb_text][\/et_pb_column][\/et_pb_row][\/et_pb_section]<\/p>\n","protected":false},"excerpt":{"rendered":"<p>Aktiviteti \u201cBashk\u00eb, p\u00ebr Veten\u201d n\u00eb LibrazhdAktiviteti \u201cBashk\u00eb, p\u00ebr Veten\u201d n\u00eb LibrazhdKy aktivitet, i udh\u00ebhequr nga Igli Molla, m\u00ebsues i \u00e7ertifikuar i yog\u00ebs pran\u00eb Shiva Dancing School of Yoga, solli p\u00ebr t\u00eb rinjt\u00eb e Librazhdit nj\u00eb p\u00ebrvoj\u00eb t\u00eb ve\u00e7ant\u00eb qet\u00ebsie dhe vet\u00ebdij\u00ebsimi. Pjes\u00ebmarr\u00ebsit m\u00ebsuan teknika t\u00eb thjeshta, por fuqizuese t\u00eb meditimit dhe frym\u00ebmarrjes s\u00eb vet\u00ebdijshme, duke [&hellip;]<\/p>\n","protected":false},"author":1,"featured_media":0,"parent":0,"menu_order":0,"comment_status":"closed","ping_status":"closed","template":"","meta":{"_et_pb_use_builder":"on","_et_pb_old_content":"<!-- wp:divi\/placeholder \/-->","_et_gb_content_width":"","footnotes":""},"dipi_cpt_category":[],"class_list":["post-183","page","type-page","status-publish","hentry"],"_links":{"self":[{"href":"https:\/\/mindful-youth.al\/index.php?rest_route=\/wp\/v2\/pages\/183","targetHints":{"allow":["GET"]}}],"collection":[{"href":"https:\/\/mindful-youth.al\/index.php?rest_route=\/wp\/v2\/pages"}],"about":[{"href":"https:\/\/mindful-youth.al\/index.php?rest_route=\/wp\/v2\/types\/page"}],"author":[{"embeddable":true,"href":"https:\/\/mindful-youth.al\/index.php?rest_route=\/wp\/v2\/users\/1"}],"replies":[{"embeddable":true,"href":"https:\/\/mindful-youth.al\/index.php?rest_route=%2Fwp%2Fv2%2Fcomments&post=183"}],"version-history":[{"count":6,"href":"https:\/\/mindful-youth.al\/index.php?rest_route=\/wp\/v2\/pages\/183\/revisions"}],"predecessor-version":[{"id":332,"href":"https:\/\/mindful-youth.al\/index.php?rest_route=\/wp\/v2\/pages\/183\/revisions\/332"}],"wp:attachment":[{"href":"https:\/\/mindful-youth.al\/index.php?rest_route=%2Fwp%2Fv2%2Fmedia&parent=183"}],"wp:term":[{"taxonomy":"dipi_cpt_category","embeddable":true,"href":"https:\/\/mindful-youth.al\/index.php?rest_route=%2Fwp%2Fv2%2Fdipi_cpt_category&post=183"}],"curies":[{"name":"wp","href":"https:\/\/api.w.org\/{rel}","templated":true}]}}